{"id":8158,"date":"2025-05-03T07:22:13","date_gmt":"2025-05-03T05:22:13","guid":{"rendered":"https:\/\/ffe.ro\/2026\/?page_id=8158"},"modified":"2026-04-16T12:10:15","modified_gmt":"2026-04-16T10:10:15","slug":"audience-prize","status":"publish","type":"page","link":"https:\/\/ffe.ro\/2026\/en\/audience-prize\/","title":{"rendered":"Audience prize"},"content":{"rendered":"\t\t<div data-elementor-type=\"wp-page\" data-elementor-id=\"8158\" class=\"elementor elementor-8158\">\n\t\t\t\t<div class=\"elementor-element elementor-element-7ab6911 e-flex e-con-boxed e-con e-parent\" data-id=\"7ab6911\" data-element_type=\"container\">\n\t\t\t\t\t<div class=\"e-con-inner\">\n\t\t<div class=\"elementor-element elementor-element-b5591b5 e-con-full e-flex e-con e-child\" data-id=\"b5591b5\" data-element_type=\"container\">\n\t\t\t\t<div class=\"elementor-element elementor-element-55e6717 elementor-widget elementor-widget-text-editor\" data-id=\"55e6717\" data-element_type=\"widget\" data-widget_type=\"text-editor.default\">\n\t\t\t\t<div class=\"elementor-widget-container\">\n\t\t\t\t\t\t\t\t\t<strong>Premiul Publicului EN<\/strong>\nPremiul Publicului este un premiu onorific, de popularitate, care se acord\u0103 filmului care \u00eentrune\u0219te cele mai multe voturi din partea cinefililor.\n\nProcedura de vot este foarte simpl\u0103, tot ce trebuie s\u0103 face\u021bi este s\u0103 intra\u021bi \u00een sec\u021biunea Filme\/Program, s\u0103 deschide\u021bi filmul vizionat \u0219i s\u0103 vota\u021bi de la 1 la 5 (\u00een care 5 \u00eenseamn\u0103 c\u0103 v-a pl\u0103cut foarte mult), \u00een func\u021bie de preferin\u021be.\n\nPremiul va fi decernat la Gala de \u00eenchidere a Festivalului, pe 18 mai, la Cinemateca Eforie.\n\n<img fetchpriority=\"high\" decoding=\"async\" class=\"alignnone size-medium wp-image-7940\" src=\"https:\/\/ffe.ro\/2026\/wp-content\/uploads\/2026\/04\/logo-EFF-01-1.png\" alt=\"\" width=\"300\" height=\"236\" \/>\t\t\t\t\t\t\t\t<\/div>\n\t\t\t\t<\/div>\n\t\t\t\t<\/div>\n\t\t<div class=\"elementor-element elementor-element-c0c9001 e-con-full e-flex e-con e-child\" data-id=\"c0c9001\" data-element_type=\"container\">\n\t\t\t\t<div class=\"elementor-element elementor-element-898abd1 elementor-widget elementor-widget-text-editor\" data-id=\"898abd1\" data-element_type=\"widget\" data-widget_type=\"text-editor.default\">\n\t\t\t\t<div class=\"elementor-widget-container\">\n\t\t\t\t\t\t\t\t\t<p><style>\n.film-top-grid {\n    display: grid;\n    grid-template-columns: repeat(auto-fit, minmax(300px, 1fr));\n    gap: 20px;\n    font-family: \"Josefin Sans\", sans-serif;\n    padding: 0;\n    margin: 0;\n    list-style: none;\n}\n.film-top-item {\n    display: flex;\n    align-items: center;\n    background: #f9f9f9;\n    padding: 10px;\n    border-radius: 8px;\n    box-shadow: 0 2px 6px rgba(0,0,0,0.05);\n    min-height: 160px;\n}\n.film-top-thumb {\n    width: 100px;\n    height: 150px;\n    flex-shrink: 0;\n    display: flex;\n    align-items: center;\n    justify-content: center;\n    margin-right: 12px;\n}\n.film-top-thumb img {\n    max-width: 100%;\n    max-height: 100%;\n    object-fit: contain;\n    border-radius: 4px;\n}\n.film-top-info {\n    flex: 1;\n    display: flex;\n    flex-direction: column;\n    justify-content: center;\n}\n.film-top-info a {\n    font-weight: bold;\n    font-size: 1.05rem;\n    color: #111;\n    text-decoration: none;\n    display: inline-block;\n    margin-bottom: 4px;\n}\n.film-top-info span {\n    font-size: 0.9rem;\n    color: #444;\n}\n<\/style><ul class=\"film-top-grid\"><\/ul><\/p>\t\t\t\t\t\t\t\t<\/div>\n\t\t\t\t<\/div>\n\t\t\t\t<\/div>\n\t\t\t\t\t<\/div>\n\t\t\t\t<\/div>\n\t\t\t\t<\/div>\n\t\t","protected":false},"excerpt":{"rendered":"<p>Premiul Publicului EN Premiul Publicului este un premiu onorific, de popularitate, care se acord\u0103 filmului care \u00eentrune\u0219te [&hellip;]<\/p>\n","protected":false},"author":2,"featured_media":0,"parent":0,"menu_order":0,"comment_status":"closed","ping_status":"closed","template":"","meta":{"footnotes":""},"class_list":["post-8158","page","type-page","status-publish","hentry"],"_links":{"self":[{"href":"https:\/\/ffe.ro\/2026\/wp-json\/wp\/v2\/pages\/8158","targetHints":{"allow":["GET"]}}],"collection":[{"href":"https:\/\/ffe.ro\/2026\/wp-json\/wp\/v2\/pages"}],"about":[{"href":"https:\/\/ffe.ro\/2026\/wp-json\/wp\/v2\/types\/page"}],"author":[{"embeddable":true,"href":"https:\/\/ffe.ro\/2026\/wp-json\/wp\/v2\/users\/2"}],"replies":[{"embeddable":true,"href":"https:\/\/ffe.ro\/2026\/wp-json\/wp\/v2\/comments?post=8158"}],"version-history":[{"count":8,"href":"https:\/\/ffe.ro\/2026\/wp-json\/wp\/v2\/pages\/8158\/revisions"}],"predecessor-version":[{"id":9014,"href":"https:\/\/ffe.ro\/2026\/wp-json\/wp\/v2\/pages\/8158\/revisions\/9014"}],"wp:attachment":[{"href":"https:\/\/ffe.ro\/2026\/wp-json\/wp\/v2\/media?parent=8158"}],"curies":[{"name":"wp","href":"https:\/\/api.w.org\/{rel}","templated":true}]}}